hat is 22e4 - 1?
22e3
In base 16, what is 134 - -1fc?
330
In base 15, what is -44 + -731?
-775
In base 7, what is -562106 + 3?
-562103
In base 7, what is 4 + -4500?
-4463
In base 7, what is 36 - -12164?
12233
In base 10, what is 725899 - 4?
725895
In base 2, what is 1101110 - 100111110?
-11010000
In base 14, what is 5 - 2ab04?
-2aadd
In base 8, what is 25546 - -23?
25571
In base 11, what is 762 + -35?
728
In base 16, what is 4 - -aa0e?
aa12
In base 6, what is -320 - 1314?
-2034
In base 2, what is -110101111100100 - 111111?
-110110000100011
In base 11, what is 1489a - 23?
14877
In base 5, what is 31400334 - 0?
31400334
In base 9, what is -17013 + -5?
-17018
In base 5, what is -2004313 + 21?
-2004242
In base 12, what is -5 + 2006?
2001
In base 12, what is 1 + b47?
b48
In base 6, what is -342 - 1412?
-2154
In base 9, what is -344 + -1316?
-1661
In base 14, what is a - -782c?
7838
In base 11, what is 149 - -49a5?
5043
In base 14, what is -ba - -43?
-77
In base 14, what is 2 - 5d24?
-5d22
In base 6, what is 315403 + 2?
315405
In base 2, what is 1 + 1000010111101010110?
1000010111101010111
In base 3, what is 101 + 1001012020?
1001012121
In base 2, what is 1111011110 - 101011?
1110110011
In base 8, what is 14 + -2252?
-2236
In base 11, what is 26 - -3239?
3264
In base 12, what is -6539 + -31?
-656a
In base 7, what is -4 + 424004?
424000
In base 3, what is -21200221110220 + -10?
-21200221111000
In base 16, what is 4b + 3d7?
422
In base 11, what is -194 - -690?
4a7
In base 11, what is 0 + 8993?
8993
In base 15, what is -734db + 1?
-734da
In base 15, what is -9 + ebc9?
ebc0
In base 12, what is -71 - -424?
373
In base 9, what is -1540885 + 5?
-1540880
In base 9, what is 3 - -28871?
28874
In base 16, what is 7b5c + -3?
7b59
In base 14, what is 4 - 591a?
-5916
In base 10, what is 2982 + 61?
3043
In base 15, what is -dbb9 - 3?
-dbbc
In base 10, what is -25117 + -3?
-25120
In base 16, what is -1 + 92f3?
92f2
In base 11, what is 3 - 268843?
-268840
In base 14, what is 8 - 3bb28?
-3bb20
In base 10, what is -4 - 79906?
-79910
In base 12, what is -5 + -22ba8?
-22bb1
In base 2, what is 11 - 1111011011110?
-1111011011011
In base 11, what is -a6 + -83a0?
-8496
In base 2, what is 1111101010001000100111 - -100?
1111101010001000101011
In base 8, what is 12506 + -711?
11575
In base 16, what is -2b84b - -1?
-2b84a
In base 3, what is 1201000 - -2111110?
11012110
In base 2, what is 110 - -1100011?
1101001
In base 2, what is -1 - -10001000111111001?
10001000111111000
In base 11, what is -70 + 47?
-24
In base 8, what is -21115 - -122?
-20773
In base 7, what is 5 - -24440?
24445
In base 4, what is 13 - -31202132?
31202211
In base 13, what is -29173b + 0?
-29173b
In base 2, what is 1000 + 110110011101?
110110100101
In base 6, what is -1235521 + -33?
-1235554
In base 15, what is 2 - 506a?
-5068
In base 8, what is 1154 + -5754?
-4600
In base 13, what is -4 - 184bc?
-184c3
In base 15, what is -1a4 - 1a?
-1be
In base 12, what is -241b + -9?
-2428
In base 13, what is -51b0 + 35?
-5178
In base 6, what is -315 + 234421?
234102
In base 6, what is -1153221 - -1?
-1153220
In base 5, what is 11 + 3201123?
3201134
In base 3, what is -10222 + -202000?
-212222
In base 4, what is -1223 + -3?
-1232
In base 8, what is 1 + 22?
23
In base 12, what is 31 - 646?
-615
In base 8, what is 17 + -14702?
-14663
In base 2, what is 111010 + 100?
111110
In base 4, what is 1331301 - -1?
1331302
In base 14, what is 6b3 + -2?
6b1
In base 12, what is 99b + -119?
882
In base 8, what is 5546 + -76?
5450
In base 5, what is 32241432 - -20?
32242002
In base 3, what is 1220112011 + -10?
1220112001
In base 8, what is 665 + 16772?
17657
In base 7, what is -1403 + 163?
-1210
In base 2, what is -10001 - 11100110001110?
-11100110011111
In base 7, what is -112644 + -45?
-113022
In base 11, what is -1080 + 344?
-837
In base 14, what is 0 + -300c?
-300c
In base 3, what is 11202020 - 1210?
11200110
In base 15, what is -2 - -a3c?
a3a
In base 7, what is -1235026 + 12?
-1235014
In base 3, what is 12121 + 222120?
1012011
In base 12, what is 1 - -12426?
12427
In base 8, what is -14 - -56414?
56400
In base 3, what is 1110022112 + -12?
1110022100
In base 3, what is -200011 + -111220?
-1012001
In base 9, what is 33 - -134?
167
In base 11, what is -10 - -32344?
32334
In base 6, what is 11 + 25132?
25143
In base 5, what is -114 + -13021?
-13140
In base 7, what is -33 - -14314?
14251
In base 5, what is -1 - 1004442?
-1004443
In base 8, what is -4 + -2035306?
-2035312
In base 2, what is 10 + -11000111011000?
-11000111010110
In base 11, what is 5 - -3085?
308a
In base 16, what is 19 - 7c8b?
-7c72
In base 4, what is -3 + 3211100?
3211031
In base 6, what is 212 + 451122?
451334
In base 5, what is -131 + 2104044?
2103413
In base 16, what is -254be - 3?
-254c1
In base 9, what is 2473 - 63?
2410
In base 11, what is 54950 + -18?
54933
In base 12, what is 2 - -997?
999
In base 11, what is 3 + -2107?
-2104
In base 8, what is -220 - -505?
265
In base 4, what is -122 + -1223133?
-1223321
In base 4, what is -3 + -212212110?
-212212113
In base 14, what is -63b + -27a?
-8b7
In base 15, what is -3729a + -4?
-3729e
In base 7, what is -533 + 163?
-340
In base 12, what is 7 - 12662?
-12657
In base 3, what is -11 + -102220000?
-102220011
In base 2, what is 101100001111 - -101110000?
110001111111
In base 11, what is 107 - -2595?
26a1
In base 2, what is 110000101 + 1011111001111?
1100101010100
In base 12, what is -5b784 - 7?
-5b78b
In base 11, what is 18301 + 7?
18308
In base 6, what is -10215102 + 0?
-10215102
In base 3, what is 1022001010 + -210?
1022000100
In base 6, what is -12415335 - 4?
-12415343
In base 13, what is 409c + -23?
4079
In base 8, what is 210 - 111?
77
In base 8, what is -1042 + 11001?
7737
In base 3, what is -10 + -12101120102?
-12101120112
In base 7, what is 454 + 2124?
2611
In base 15, what is 1459d - -13?
145b1
In base 7, what is 3 - -515346?
515352
In base 13, what is 16705 - 5?
16700
In base 10, what is 132281 - 7?
132274
In base 3, what is 1010021011 - 202?
1010020102
In base 12, what is -9 - -108919?
108910
In base 5, what is 243203 - 110?
243043
In base 7, what is -131 - 410?
-541
In base 9, what is -53581 + 8?
-53572
In base 4, what is -311 + -21213?
-22130
In base 11, what is 108a53 - -4?
108a57
In base 4, what is 2 - -10123020?
10123022
In base 6, what is -31 - 2234?
-2305
In base 16, what is 79 + 622?
69b
In base 6, what is 251154 + 0?
251154
In base 9, what is 200186 - -3?
200200
In base 9, what is 0 + 3070620?
3070620
In base 4, what is -12 - 112130101?
-112130113
In base 4, what is 2113101 - 210?
2112231
In base 11, what is 110551 - 3?
110549
In base 16, what is 8a - b7e?
-af4
In base 4, what is -10331010 - -210?
-10330200
In base 10, what is 13 - 7774?
-7761
In base 4, what is -3000032 + 203?
-2333223
In base 15, what is -7 - b966?
-b96d
In base 10, what is -1243777 + -5?
-1243782
In base 3, what is 1212 + 1101120220?
1101122202
In base 2, what is -111 + 10010011?
10001100
In base 7, what is -532 + 141?
-361
In base 2, what is -111111111001100 - 11?
-111111111001111
In base 3, what is -11001100122102 - -2?
-11001100122100
In base 6, what is 1045 - -1022?
2111
In base 15, what is -30d582 + 4?
-30d57d
In base 11, what is 568 + -560?
8
In base 2, what is 1100 - 110100100101100101?
-110100100101011001
In base 5, what is 0 + 1301003?
1301003
In base 15, what is 3 - -4b063?
4b066
In base 13, what is -4a2 + 386?
-119
In base 16, what is -14 - -16a3?
168f
In base 13, what is 21b040 - -4?
21b044
In base 5, what is 143331 + -4?
143322
In base 2, what is 111000000101 + 10000?
111000010101
In base 14, what is 0 + 10080?
10080
In base 16, what is 5 + -3b35?
-3b30
In base 7, what is -221 + 35436?
35215
In base 13, what is -43a + 6b?
-39c
In base 16, what is 3358 + -3?
3355
In base 14, what is 6221b + -1?
6221a
In base 2, what is 1110111100000001 - 1000?
1110111011111001
In base 7, what is -24341 - -21?
-24320
In base 10, what is 4 - -30971?
30975
In base 9, what is -360726 - 4?
-360731
In base 10, what is 8781 + 14?
8795
In base 15, what is -4 + 35daa?
35da6
In base 4, what is -10 - 1001012?
-1001022
In base 3, what is -10121100212 + 0?
-10121100212
In base 16, what is 3 - 79c3?
-79c0
In base 8, what is -101 + 33133?
33032
In bas